 f(10).
12
Suppose -d + 3*d - 76 = -4*p, 3*d - 24 = -p. Suppose p = k + 2. Suppose -b = -4*g - 6 + 20, 2*g = -4*b + k. Let t(v) = -v**2 + v + 3. Determine t(g).
-9
Let m(r) = -r - 1. Suppose t = -0 + 15. Let b be t - 0 - (-15)/(-5). Let w be (-32)/b - 2/6. Calculate m(w).
2
Suppose 0 = -4*q - q + 2*z - 3, 0 = 5*z - 20. Let b be 12/(-3)*(-1)/2. Let f(m) = -3*m**2 - 5*m**b + m + 3*m**2 + 4*m**2 - 1. Give f(q).
-1
Suppose -69*s + 77*s - 16 = 0. Let p(h) = 11*h - 2. Calculate p(s).
20
Let w(b) be the first derivative of -b**2/2 - 8*b + 315. Determine w(-4).
-4
Let q(u) be the third derivative of -u**5/60 - 4*u**3/3 - 4*u**2 - 16*u. What is q(0)?
-8
Let f(y) = y - 2. Suppose t + 38 = 3*j - 24, -105 = -5*j + 2*t. Let r = -166 - -168. Suppose -3*o + 21 = 2*g, j = r*g + 5*o - 12. Determine f(g).
1
Suppose -2*p = -0*p + 2. Let i(s) = -1 + 11 - 8*s - 15. Let m(o) = -16*o - 9. Let x(t) = 7*i(t) - 4*m(t). Determine x(p).
-7
Let q(m) = 3 - 9 + 5*m - 1. Let i be (6 - 0) + (-147)/189 + (-4)/18. Determine q(i).
18
Let l(z) = 47 + 10*z + 47 + z**2 + 0*z**2 - 86. What is l(-8)?
-8
Let z(m) = 5*m + 2. Suppose -4*s - 3*q + 6*q = 2, -3*s - 16 = 5*q. Calculate z(s).
-8
Let h(s) be the second derivative of -s**4/12 + 3*s**3/2 + 19*s**2/2 - 431*s + 2. Give h(13).
-33
Let t(l) = -l**2 + 5*l + 1. Let h be t(6). Let r be (-6)/(-5) + 16/20. Let u(a) = r*a - 7*a**2 - 3*a + 5*a + 1 + 8*a**2. What is u(h)?
6
Let m be (-1)/((-30 - -36)/(3/(-2))). Let n(r) be the first derivative of r**2 + r - 10 + r**3 + m*r**4. Determine n(-1).
1
Suppose -9 = -2*u + 1. Let q(r) = -5*r - u + 4*r - 5*r - r**2. Let l(k) = k**2 - 41*k + 386. Let p be l(15). Calculate q(p).
3
Let l = -87 - -92. Let u(b) = b**3 - 5*b - l*b**2 - 3 - 4*b + 14*b. Determine u(4).
1
Let f(v) = -v**2 + 11*v - 6. Suppose z - 4*z - 5*r + 230 = 0, -2*z + 148 = -2*r. Suppose -4*c - 35 = -z. Give f(c).
4
Let v = 37/38 + -8/57. Let z(y) be the second derivative of v*y**3 + 0 - 3*y**2 + 2*y + 1/20*y**5 - 5/12*y**4. Calculate z(4).
-2
Let b(z) = 5*z + 12. Suppose -31*x + 36 = -40*x. What is b(x)?
-8
Let r(x) be the third derivative of 1/24*x**4 + 0*x**3 + 0 - 10*x**2 + 0*x + 1/120*x**6 + 1/15*x**5. Give r(-4).
-4
Let n(z) be the second derivative of -z**5/20 - 7*z**4/12 - 2*z**3/3 + 5*z**2/2 - 59*z. Determine n(-5).
-25
Let c(u) = u + 4. Let z = -10 + -1. Let l(b) = 2*b + 7. Let q(a) = z*c(a) + 6*l(a). Calculate q(-7).
-9
Let o be ((-24)/12)/(0 + (-2)/9). Let x(b) = -b + 13. Give x(o).
4
Let c be 1/(-3) - (-9)/27. Suppose -j - 3*j - 12 = c. Let s be (6/(-10))/(j/15). Let r(g) = -2*g - 1. Determine r(s).
-7
Suppose -447*z = -450*z + 3. Let q(o) = -14*o**3 + 2*o - 1. What is q(z)?
-13
Let k(z) = 14*z. Let b = 10 - 3. Let g be 6/(-14) + (-5)/(35/53). Let y = g + b. Calculate k(y).
-14
Let h = -9 - -15. Let x(i) = -i**2 - 7 + 1 - h*i + 0 + 4. Give x(-4).
6
Let t(k) = -4*k**2 + 3*k - 2. Let b = -260 - -263. Calculate t(b).
-29
Let f(w) be the first derivative of w**5/20 - 7*w**4/12 + 3*w**3/2 - 4*w**2 + 9*w - 6. Let k(r) be the first derivative of f(r). Determine k(6).
10
Let d(u) = 2*u + 1. Suppose -4*p = -214 + 198. Give d(p).
9
Let l be 94/(-1598) - 32/34. Let w(q) = -q**2 + q + 1. Let o(d) = -2*d**2 + 6*d + 5. Let j(n) = o(n) - 6*w(n). Determine j(l).
3
Let b(g) = -g**3 + 9*g**2 + 9*g + 20. Let a be (-4)/(-12) + ((-203)/3)/(-7). What is b(a)?
10
Let q(t) = -t**2 - 4*t + 12. Let j(y) = -6*y**3 + 5*y**2 - 9*y + 3. Let o be j(1). What is q(o)?
-9
Suppose 9*c = 3*c + 588. Let w = -98 + c. Let k(x) = -x**3 + x**2 + 7. Calculate k(w).
7
Let z(i) = 0*i**3 - 1 + 2 + 85*i**2 + 4*i - 79*i**2 - 3*i**3. Let h(k) = -2*k**3 + 6*k**2 + 4*k. Let t(w) = 4*h(w) - 3*z(w). Let p = 7 + -11. Calculate t(p).
13
Suppose 12 - 2 = 2*a. Suppose -g - 4 = -3*t + 10, 0 = 3*g - a*t + 34. Let w be 12/g*(-4)/6. Let v(j) = -j**2 - 1. Determine v(w).
-2
Let t(z) = 0*z + 883 - z - 884. What is t(-9)?
8
Let g(z) = -324*z + 4 - 3 - 293*z + 622*z. Calculate g(5).
26
Let b be (-49 - -47)/((-2)/(-5)). Let w(y) = 6*y + 34. Give w(b).
4
Let b(d) = 9*d**2 - 8*d**2 - 19*d + 13*d + 6. Give b(5).
1
Let x(d) = d**2 - 10*d + 2. Let k(b) = -77*b + 468. Let w be k(6). Calculate x(w).
-22
Suppose -33 = -7*q + 30. Let g(f) = 3*f - 21. Determine g(q).
6
Let t(u) be the second derivative of -11*u**3/6 + 4*u**2 + 315*u. Give t(5).
-47
Let f(c) = -c**3 + 6*c**2 - 6*c - 1. Let o be f(5). Let i(l) = -54*l + 1 + 5 + 39*l + 0 + 16*l. Determine i(o).
0
Let c be (0 + 12/(-8))/((-9)/(-36)). Let i(l) = 2 - l**2 - 2 + 6 - 5*l. Let t be i(c). Let b(u) = -u**3 - u**2 - 3. Give b(t).
-3
Suppose -2*p + 3*p - 3 = i, 0 = -5*i + 10. Let x be (p - 26)*(-2)/6. Let s(o) = o**2 - 8*o + 7. Give s(x).
0
Suppose 8 = 5*v - v. Let w(c) = 17*c**2 + 10*c**v - 7*c - c**3 + 3 - 18*c**2. What is w(8)?
11
Let k(o) = -2*o - 2. Let b(h) = -10*h - 10. Let q(u) = -b(u) + 2*k(u). Calculate q(-6).
-30
Let i(c) = c**2 + 6*c - 8. Suppose 4*l - 828 = -8*l. Suppose -11*s = -3 + l. What is i(s)?
-8
Suppose 0 = -12*i - 28 - 20. Let l(w) = w**3 + 5*w**2 + 2*w + 5. Determine l(i).
13
Suppose -2*v + 4*v - 8 = 0, 0 = 5*d - v - 6. Suppose -5*w - 8 = 4*b - d, 3*w = b - 7. Let k(c) = 12*c - 21*c - b + 8*c - 5. Give k(0).
-6
Let r(l) = l**2 + 2*l - 1. Suppose 6*f - f + t - 8 = 0, -2*f - 10 = -4*t. What is r(f)?
2
Suppose -c = 4*s - s + 10, 4*c - 20 = 0. Let d(k) = -2*k**2 - 6*k + 1. Give d(s).
-19
Let g(t) = -11*t - t**3 - 10*t + 24*t + 0*t**2 - 4*t**2 + 1. Determine g(-5).
11
Let p(m) be the second derivative of m**3/6 + 3*m**2 - 71*m. What is p(-8)?
-2
Let y(i) = -i**3. Let b(m) = -5*m**3 - m**2 + m - 6. Let r be (-2)/5 - (-190)/(-25). Let x be r/4*2/4. Let s(k) = x*b(k) + 6*y(k). Calculate s(0).
6
Let k be 0/(102/68*4/(-3)). Let h(c) = c + 46. Give h(k).
46
Let z(i) = i**2 + 4*i - 5. Suppose -a - 28 = -3*a. Let y = a + -11. Suppose y*t + 20 = -t. Calculate z(t).
0
Suppose a = -0 - 3. Let x(l) be the third derivative of l**6/720 + l**5/30 - l**4/6 + l**2. Let n(d) be the second derivative of x(d). What is n(a)?
1
Let l(f) = -8*f**3 + 4*f**2 - 4*f + 1. Let q(j) = -7*j**3 + 3*j**2 - 3*j + 1. Let c(w) = -3*l(w) + 4*q(w). Let y(t) = t**3 + 1. Let x be y(0). Determine c(x).
-3
Let w be (-2)/7*5/(15/(-21)). Let b(r) = -r**2 - 2*r + 3 - 3*r + 3*r + w*r**2. What is b(2)?
3
Let p(i) be the third derivative of -i**5/60 + 5*i**4/24 + 4*i**3/3 - 138*i**2. Determine p(6).
2
Let f(s) = 4*s + 5*s**3 + 7 - 2 - 5 - 1. Let k(c) = -11*c**3 - 9*c + 1. Let w(q) = 9*f(q) + 4*k(q). What is w(0)?
-5
Suppose g + g - 5*s + 20 = 0, -2*g + 4 = s. Suppose g = -3*u + 8*u + 2*x - 20, 3*u = 3*x + 33. Let i(v) = v - 7. Calculate i(u).
-1
Suppose 6*u - 4*u - 5*h = 21, u + 3 = -2*h. Let j(t) = 4*t**3 - 4*t**2 - 2*t + 4. What is j(u)?
70
Let f(n) = 2*n - 28. Let q be f(15). Let y(l) = 0*l + 2*l**2 + 34*l**3 - q*l + 2*l**2 - 35*l**3 + 5. Determine y(4).
-3
Let j(p) = 10*p + 1. Suppose n = 3*n - 6. Suppose f - 2*x - 2*x - 14 = 0, 20 = -4*f - n*x. Let v be -4 - (-1 + -2) - f. What is j(v)?
11
Let s(m) be the second derivative of -m**5/60 + m**4/24 - m**3/3 - 7*m**2/2 + 14*m. Let v(h) be the first derivative of s(h). Give v(3).
-8
Let n(u) = u**3 - 4*u**2 + 2*u + 2. Suppose 193*y - 14 = 186*y. Calculate n(y).
-2
Let i(a) = 6*a**2 - 8 - 12*a**3 + 8*a - 13*a**3 + 24*a**3. Suppose 3*z = 5*t - 10*t - 4, -4*t + 8 = 4*z. Determine i(z).
-1
Let x(i) = -2*i**2 + 6*i + 14. Let m(y) = y**2 + 14*y - 26. Let l be m(-16). Give x(l).
-22
Let m = -74 + 77. Let y be -2 + (-3 - (-24)/m). Let u(s) = 6*s - 7. Let i(x) = x - 1. Let h(w) = 14*i(w) - 2*u(w). What is h(y)?
6
Let c(s) = s + s - 2 - 4. Suppose 49*y - 60 - 136 = 0. Give c(y).
2
Let j(g) be the first derivative of -g**3/3 + 5*g**2 - 4*g - 68. Suppose -13 = -2*w + 3. Calculate j(w).
12
Let f(r) = 11*r**3 + 44*r**2 - 38*r - 5. Let v(q) = 7*q**3 + 28*q**2 - 25*q - 4. Let m(w) = -5*f(w) + 8*v(w). Calculate m(-6).
-19
Let k(v) = 4*v - 3. Suppose 2 = -3*n + 4*n. Let b(y) = -3*y + 4. Let u(c) = n*b(c) + 3*k(c). Calculate u(1).
5
Let z(b) = 1 + 8*b**2 + b + 25*b**2 - 28*b**2. Let q(o) = -2 + 0*o - 2 - o + 0. Let k be q(-3). Give z(k).
5
Suppose -10*t - 6*t + 12*t = 0. Let g(u) = u. Let o(j) = -6*j - 1. Let z(l) = -11*g(l) - 2*o(l). What is z(t)?
2
Let j(n) = -853*n**3 - 4*n - 5*n**2 + 1707*n**3 - 853*n**3 - 1. What is j(6)?
11
Let d(